 be -3*4/(-18)*-15. Let t = 5 - d. Let b = 30 - t. What is the tens digit of b?
1
Suppose 0 = 4*n - 3*n + x - 7, 3*n + 3 = 3*x. Suppose -10*o = -n*o - 406. What is the tens digit of o?
5
Suppose -4*u + 36 = 3*z - 2*z, z = -5*u + 45. What is the units digit of 4/6 - (-768)/u?
6
Let n(s) = s**2 + 10*s + 17. What is the units digit of n(-9)?
8
What is the tens digit of (-42705)/(-81) - (-2)/(-9)?
2
Let b(o) = -o + 1. Let v be b(3). Let q(j) = -j**3 - 5*j**2 + 3*j + 1. Let u be q(-5). What is the units digit of v/4*84/u?
3
Suppose 4*t + 14 = -0*c - 2*c, 2*c - 5*t - 13 = 0. What is the units digit of (-4 + 7)*(c - -2)?
3
What is the units digit of (-7122)/(-27) - 7/(378/(-12))?
4
Suppose -s + 998 = -2*j + 3*j, j - 4*s - 993 = 0. What is the units digit of j?
7
Let i(s) = -s**3 - 5*s**2 - 4*s + 4. Suppose -b + 6*b + 15 = 0. Let y = b - 2. What is the tens digit of i(y)?
2
Let w = -102 + 199. Suppose -6*q + 3*x - 2 = -10*q, -8 = -5*q - x. Suppose 0 = q*y - w + 23. What is the tens digit of y?
3
Let f = 1117 - 317. What is the hundreds digit of f?
8
What is the tens digit of (-4)/10 - (5 - (-21504)/(-35))?
0
What is the units digit of 2/(-15) + (-94)/(-30)?
3
Suppose 3*w + 10 = v, -w = 5*v + w - 67. Let t = v - -8. Let y = t + -16. What is the units digit of y?
5
Let f = 38 - -501. What is the tens digit of f?
3
Suppose -12*c = -16*c + 2796. What is the units digit of c?
9
Let p(l) = l**3 + 8*l**2 + 7*l - 7. Let k(n) = -3*n - 2. Let u be k(1). What is the units digit of p(u)?
3
Suppose -3*r + h - 2 = -h, 10 = r + 2*h. Suppose -2*z + r*s + 126 = 0, -s + 40 = 5*z - 263. What is the tens digit of z?
6
Let w = -20 - -17. Let b be 22 - (4 + w - 0). Let i = b + -15. What is the units digit of i?
6
Let n = 138 + -66. Suppose 39*o - 37*o - n = 0. What is the units digit of o?
6
Suppose -5*w + 6*w = 3. Let n = w + -3. Suppose 3*o - 43 + 10 = n. What is the tens digit of o?
1
Let f(z) = -152*z + 25. What is the units digit of f(-9)?
3
Suppose -2*t + 4*t = 6. Let h(y) = 6*y**2 - 2*y + 4. What is the tens digit of h(t)?
5
Let j be ((-64)/(-36) - 2) + 282/54. What is the tens digit of (j - -1)/(-2*(-8)/160)?
6
Suppose s - 238 = -5*q, 0 = 5*s - 2*q - 863 - 381. Suppose -5*c + 9*c - s = 0. What is the tens digit of c?
6
Let p(s) = -13*s - 4. Let n be p(-1). Suppose n*q - 410 = 4*q. What is the units digit of q?
2
Let p(r) = 13*r**3 + 21*r**2 + 8*r - 21. What is the tens digit of p(5)?
6
Let y(v) = 4*v + 14. Let u be (-4)/(-14) + (-1152)/(-84). Let m = 20 - u. What is the units digit of y(m)?
8
Let l = 1 - -2. Suppose q + l = -5*s + 6, -2*q = 5*s - 6. Suppose 5*j - 11 - 39 = s. What is the units digit of j?
0
Let m = -252 + 362. Let z = m + -59. What is the tens digit of z?
5
Suppose -3*y + 0*y + 6 = -2*x, -4*y + 8 = x. Suppose -y*s = 5*q + 23, 4*q + 23 = s + 2*s. Let w(r) = -r**3 + 3*r**2 - 2*r + 1. What is the units digit of w(s)?
1
Let o(c) = c**2 - 10*c + 22. Let t be o(10). Let q = -24 + t. What is the units digit of (-158)/(-18) - q/9?
9
Let d be -26*-2*4/(-16). What is the tens digit of -16 + 13 + -2*d*6?
5
Let w(k) = -k**2 - 6*k + 10. Suppose j - 2*j - 24 = -5*n, 5*n + 146 = -4*j. Let r = -41 - j. What is the units digit of w(r)?
3
Let n(z) = -z - 110 + 2*z + 140. What is the units digit of n(-7)?
3
Suppose 0*r - 10 = -r + 2*l, -2*l = 2*r - 14. Let o be (-289)/(-3) + r/(-6). Suppose 5*f = 85 + o. What is the tens digit of f?
3
What is the hundreds digit of (-1349182)/(-403) + (-6)/117*-3?
3
Suppose -6 = -o + 3*o. Let g = o - -3. Let b = g - -2. What is the units digit of b?
2
Let p(k) = k**3 + 5*k**2 + 5*k + 9. Let h be p(-4). Suppose 3*j - h*j = -78. What is the units digit of j?
9
Suppose 6*g = 5585 - 1553. What is the tens digit of g?
7
Suppose 3*j + q + 48 = -0*q, q = -5*j - 78. What is the tens digit of 3/j + (-753)/(-15)?
5
Suppose 9*w - 32 = w. Suppose 3*n = w*d - 354, -2*d = -4*n - 106 - 76. What is the units digit of d?
7
Suppose 0 = 900*q - 919*q + 25498. What is the units digit of q?
2
Let i be -4 + -2 + 4 - 15. Let t(f) = -f**2 - 16*f + 24. What is the units digit of t(i)?
7
Suppose 3*s + 1250 = 5*s + 4*v, -5*s - 4*v + 3149 = 0. What is the hundreds digit of s?
6
Suppose 0*q + 24 = -4*c - 2*q, 2*q = -5*c - 28. Let l = 3 + 0. Let n = l - c. What is the units digit of n?
7
Suppose 7 = 3*o - 2. Suppose j = o*j - 6. Suppose -13 = -j*b + 20. What is the tens digit of b?
1
Suppose -32*l = -51*l + 107198. What is the thousands digit of l?
5
Let k = -44 + 541. What is the tens digit of k?
9
Suppose 4*j - 183 - 233 = 0. Let c = j + -49. Let f = -32 + c. What is the units digit of f?
3
Let p be (2 + 3/6)*(2 + 0). Suppose p*n = 94 + 91. What is the units digit of n?
7
Let o = 9 + -15. Let q(t) = -2*t. Let h(b) = 6*b. Let u(m) = o*h(m) - 17*q(m). What is the units digit of u(-10)?
0
Let i = -14 - -16. Suppose -i*v = v - 3*o - 147, -4*o = 3*v - 175. Suppose v = 3*s - 34. What is the units digit of s?
9
Let f be (5412/(-99))/(2/6*-1). Let a = 330 - f. What is the hundreds digit of a?
1
Let z = -644 + 1053. What is the units digit of z?
9
Let j = 11 + -11. Let w(i) = -3 + 5*i**2 + i + 0*i**2 + 4 + i**3 + j. What is the units digit of w(-2)?
1
Let s(z) = -4*z**3 + z. Let r be s(-1). What is the units digit of 1235/45*r + (-1)/3?
2
Suppose -d + 4040 = 4*i, i + 2*i - 20217 = -5*d. What is the hundreds digit of d?
0
Let i be 9*((-1246)/(-6))/7. Let m be i/(-5) - (-14)/35. Let l = 97 + m. What is the units digit of l?
4
Let z = 17 - -217. What is the hundreds digit of z?
2
Let x = 850 + -377. What is the hundreds digit of x?
4
Suppose -a - 7 = -1. Let l be (244/(-5))/(a/15). Suppose -5*j - 78 = -3*u - 2*j, -5*u + 3*j + l = 0. What is the units digit of u?
2
What is the tens digit of -1398*(39/52)/((-3)/2)?
9
Let b(s) = -s**3 + s + 12. Let p be b(0). Suppose -p*o - 138 = -1170. What is the tens digit of o?
8
Suppose -2*o + 12 = 4. Suppose -7*d - 460 = -12*d. Suppose d = o*l + 8. What is the tens digit of l?
2
Let o(n) = 3*n**2 - 39*n + 4. What is the units digit of o(25)?
4
Let d(i) = -2*i + 0*i - 6 + 1. Let g be d(-5). Suppose -9 - g = -q. What is the units digit of q?
4
Let p = 16 + -12. Suppose -p*c + 208 + 292 = 0. Suppose -z - 4*z = -c. What is the tens digit of z?
2
Let r(b) = 6*b**2 + 4*b + 2. Let z(p) = 31*p**2 + 20*p + 11. Let a(t) = 11*r(t) - 2*z(t). What is the units digit of a(-2)?
8
What is the tens digit of ((-2*601)/2)/((-10)/10)?
0
Suppose -w + 7 = 3*k, 2*k - 6*k = -4. Suppose 0 = -n + w*n - 75. What is the units digit of n?
5
What is the hundreds digit of 90288/126 + 6/14?
7
Let y be 352/(-33)*30/(-8). What is the hundreds digit of (4 + -1)*y/(-6)*-5?
1
What is the tens digit of (-2)/20 - 23410/(-100)?
3
Suppose 3*i = -3*h + i + 575, -4*i - 973 = -5*h. What is the tens digit of h?
9
Suppose -g - 10 = g - 4*q, -g + 4*q = 13. Suppose 2*m = m + g*h + 21, -3*h + 9 = m. Let b = m - 11. What is the units digit of b?
4
Suppose 12000 = -13*y + 41627. What is the thousands digit of y?
2
Let g(n) = -3*n**2 - 16*n - 13. Let f be g(-11). Let b = -139 - f. What is the tens digit of b?
6
Let z = -23 - -26. Suppose 0 = s - b - b - z, -3*b + 23 = s. Let k(x) = -x**2 + 15*x - 3. What is the tens digit of k(s)?
4
Let b(q) = 7*q - 4. Let x be b(1). Suppose r - 2*s - 122 = 0, 6*s + 370 = x*r + s. What is the tens digit of r?
3
Suppose -4302 = -6*v - 552. What is the units digit of v?
5
Let x be (-6)/(-5)*(-15)/(-9). Suppose 87 = x*g + 3*b, -b - 82 = -2*g + b. What is the units digit of g?
2
Let g = 772 + -177. What is the hundreds digit of g?
5
Let r(c) = 91*c**2 + 25*c - 105. What is the thousands digit of r(4)?
1
Suppose -1365 = -5*c - 5*h - 465, -508 = -3*c + 5*h. Suppose 2*k - c = -2*k. Suppose 0 = -6*b + 2*b + k. What is the units digit of b?
1
Let v(b) = -b**3 - b**2 + b - 2. Let p be v(0). Let f be ((-4)/12)/(p/(-6)). What is the units digit of (-3)/(-5)*f*-35?
1
Suppose 2*h = -5*k + 33, -7 = -5*h + 3*k - 2. Suppose 4*r = -0*r + m + 80, 40 = 2*r + 5*m. Let u = h + r. What is the tens digit of u?
2
Suppose f + 2 = 5. Suppose -f + 1 = -q. Suppose q*m - 13 = m. What is the units digit of m?
3
What is the units digit of 177/118 + 1923/2?
3
Let i(a) = a + 10. Let m be i(-5). Suppose 14 = m*d - 11. Suppose -u - d*c + 69 = 3*u, 2*c = -u + 15. What is the units digit